{"id":1097,"date":"2025-05-31T15:24:51","date_gmt":"2025-05-31T15:24:51","guid":{"rendered":"https:\/\/www.rozalskidesign.pl\/?page_id=1097"},"modified":"2025-07-25T17:17:35","modified_gmt":"2025-07-25T17:17:35","slug":"kontakt","status":"publish","type":"page","link":"https:\/\/www.rozalskidesign.pl\/index.php\/kontakt\/","title":{"rendered":"Kontakt"},"content":{"rendered":"\t\t<div data-elementor-type=\"wp-page\" data-elementor-id=\"1097\" class=\"elementor elementor-1097\" data-elementor-post-type=\"page\">\n\t\t\t\t<div class=\"elementor-element elementor-element-e6413ce gradient-background e-flex e-con-boxed e-con e-parent\" data-id=\"e6413ce\" data-element_type=\"container\" data-e-type=\"container\">\n\t\t\t\t\t<div class=\"e-con-inner\">\n\t\t<div class=\"elementor-element elementor-element-60bdaee e-con-full e-flex e-con e-child\" data-id=\"60bdaee\" data-element_type=\"container\" data-e-type=\"container\">\n\t\t\t\t<div class=\"elementor-element elementor-element-0b3b0b8 animated-fast elementor-invisible elementor-widget elementor-widget-heading\" data-id=\"0b3b0b8\" data-element_type=\"widget\" data-e-type=\"widget\" data-settings=\"{&quot;_animation&quot;:&quot;fadeInUp&quot;}\" data-widget_type=\"heading.default\">\n\t\t\t\t<div class=\"elementor-widget-container\">\n\t\t\t\t\t<h1 class=\"elementor-heading-title elementor-size-default\">Zacznijmy dzia\u0142a\u0107 razem!<\/h1>\t\t\t\t<\/div>\n\t\t\t\t<\/div>\n\t\t\t\t<div class=\"elementor-element elementor-element-2efb4f7 elementor-widget__width-initial elementor-widget-mobile__width-initial animated-fast elementor-invisible elementor-widget elementor-widget-text-editor\" data-id=\"2efb4f7\" data-element_type=\"widget\" data-e-type=\"widget\" data-settings=\"{&quot;_animation&quot;:&quot;fadeInUp&quot;,&quot;_animation_delay&quot;:100}\" data-widget_type=\"text-editor.default\">\n\t\t\t\t<div class=\"elementor-widget-container\">\n\t\t\t\t\t\t\t\t\t<p><strong data-start=\"70\" data-end=\"123\">Masz pytania lub chcesz porozmawia\u0107 o wsp\u00f3\u0142pracy?<\/strong><br data-start=\"123\" data-end=\"126\" \/>Napisz do mnie \u2013 ch\u0119tnie opowiem wi\u0119cej o swoim podej\u015bciu do projekt\u00f3w i sprawdzimy, czy mo\u017cemy razem co\u015b stworzy\u0107.<\/p>\t\t\t\t\t\t\t\t<\/div>\n\t\t\t\t<\/div>\n\t\t\t\t<div class=\"elementor-element elementor-element-be68167 elementor-align-left blur animated-fast elementor-invisible elementor-widget elementor-widget-button\" data-id=\"be68167\" data-element_type=\"widget\" data-e-type=\"widget\" data-settings=\"{&quot;_animation&quot;:&quot;fadeInUp&quot;,&quot;_animation_delay&quot;:200}\" data-widget_type=\"button.default\">\n\t\t\t\t<div class=\"elementor-widget-container\">\n\t\t\t\t\t\t\t\t\t<div class=\"elementor-button-wrapper\">\n\t\t\t\t\t<a class=\"elementor-button elementor-button-link elementor-size-sm\" href=\"tel:%20+48720777345\">\n\t\t\t\t\t\t<span class=\"elementor-button-content-wrapper\">\n\t\t\t\t\t\t\t\t\t<span class=\"elementor-button-text\">+48 720 777 345<\/span>\n\t\t\t\t\t<\/span>\n\t\t\t\t\t<\/a>\n\t\t\t\t<\/div>\n\t\t\t\t\t\t\t\t<\/div>\n\t\t\t\t<\/div>\n\t\t\t\t<div class=\"elementor-element elementor-element-bd80d6e elementor-align-left animated-fast elementor-invisible elementor-widget elementor-widget-button\" data-id=\"bd80d6e\" data-element_type=\"widget\" data-e-type=\"widget\" data-settings=\"{&quot;_animation&quot;:&quot;fadeInUp&quot;,&quot;_animation_delay&quot;:300}\" data-widget_type=\"button.default\">\n\t\t\t\t<div class=\"elementor-widget-container\">\n\t\t\t\t\t\t\t\t\t<div class=\"elementor-button-wrapper\">\n\t\t\t\t\t<a class=\"elementor-button elementor-button-link elementor-size-sm\" href=\"mailto:%20filip@rozalskidesign.pl\">\n\t\t\t\t\t\t<span class=\"elementor-button-content-wrapper\">\n\t\t\t\t\t\t\t\t\t<span class=\"elementor-button-text\">filip@rozalskidesign.pl<\/span>\n\t\t\t\t\t<\/span>\n\t\t\t\t\t<\/a>\n\t\t\t\t<\/div>\n\t\t\t\t\t\t\t\t<\/div>\n\t\t\t\t<\/div>\n\t\t<div class=\"elementor-element elementor-element-ff5ec83 e-con-full blur animated-fast e-flex elementor-invisible e-con e-child\" data-id=\"ff5ec83\" data-element_type=\"container\" data-e-type=\"container\" data-settings=\"{&quot;background_background&quot;:&quot;classic&quot;,&quot;animation&quot;:&quot;fadeInUp&quot;,&quot;animation_delay&quot;:200}\">\n\t\t\t\t<div class=\"elementor-element elementor-element-4f2df51 elementor-widget elementor-widget-heading\" data-id=\"4f2df51\" data-element_type=\"widget\" data-e-type=\"widget\" data-widget_type=\"heading.default\">\n\t\t\t\t<div class=\"elementor-widget-container\">\n\t\t\t\t\t<h2 class=\"elementor-heading-title elementor-size-default\">Wype\u0142nij formularz kontaktowy<\/h2>\t\t\t\t<\/div>\n\t\t\t\t<\/div>\n\t\t\t\t<div class=\"elementor-element elementor-element-997e0d1 elementor-button-align-start elementor-widget-tablet__width-inherit elementor-widget-mobile__width-inherit elementor-widget elementor-widget-form\" data-id=\"997e0d1\" data-element_type=\"widget\" data-e-type=\"widget\" data-settings=\"{&quot;step_next_label&quot;:&quot;dalej&quot;,&quot;step_previous_label&quot;:&quot;wstecz&quot;,&quot;button_width&quot;:&quot;100&quot;,&quot;step_type&quot;:&quot;number_text&quot;,&quot;step_icon_shape&quot;:&quot;circle&quot;}\" data-widget_type=\"form.default\">\n\t\t\t\t<div class=\"elementor-widget-container\">\n\t\t\t\t\t\t\t<form class=\"elementor-form\" method=\"post\" name=\"New Form\" aria-label=\"New Form\">\n\t\t\t<input type=\"hidden\" name=\"post_id\" value=\"1097\"\/>\n\t\t\t<input type=\"hidden\" name=\"form_id\" value=\"997e0d1\"\/>\n\t\t\t<input type=\"hidden\" name=\"referer_title\" value=\"Kontakt - Filip R&oacute;\u017calski\" \/>\n\n\t\t\t\t\t\t\t<input type=\"hidden\" name=\"queried_id\" value=\"1097\"\/>\n\t\t\t\n\t\t\t<div class=\"elementor-form-fields-wrapper elementor-labels-above\">\n\t\t\t\t\t\t\t\t<div class=\"elementor-field-type-text elementor-field-group elementor-column elementor-field-group-name elementor-col-50 elementor-field-required\">\n\t\t\t\t\t\t\t\t\t\t\t\t<label for=\"form-field-name\" class=\"elementor-field-label\">\n\t\t\t\t\t\t\t\tImi\u0119\t\t\t\t\t\t\t<\/label>\n\t\t\t\t\t\t\t\t\t\t\t\t\t\t<input size=\"1\" type=\"text\" name=\"form_fields[name]\" id=\"form-field-name\" class=\"elementor-field elementor-size-sm  elementor-field-textual\" placeholder=\"Wpisz swoje imi\u0119\" required=\"required\">\n\t\t\t\t\t\t\t\t\t\t\t<\/div>\n\t\t\t\t\t\t\t\t<div class=\"elementor-field-type-email elementor-field-group elementor-column elementor-field-group-email elementor-col-50 elementor-field-required\">\n\t\t\t\t\t\t\t\t\t\t\t\t<label for=\"form-field-email\" class=\"elementor-field-label\">\n\t\t\t\t\t\t\t\tEmail\t\t\t\t\t\t\t<\/label>\n\t\t\t\t\t\t\t\t\t\t\t\t\t\t<input size=\"1\" type=\"email\" name=\"form_fields[email]\" id=\"form-field-email\" class=\"elementor-field elementor-size-sm  elementor-field-textual\" placeholder=\"example@mail.com\" required=\"required\">\n\t\t\t\t\t\t\t\t\t\t\t<\/div>\n\t\t\t\t\t\t\t\t<div class=\"elementor-field-type-textarea elementor-field-group elementor-column elementor-field-group-message elementor-col-100 elementor-field-required\">\n\t\t\t\t\t\t\t\t\t\t\t\t<label for=\"form-field-message\" class=\"elementor-field-label\">\n\t\t\t\t\t\t\t\tTre\u015b\u0107 wiadomo\u015bci\t\t\t\t\t\t\t<\/label>\n\t\t\t\t\t\t<textarea class=\"elementor-field-textual elementor-field  elementor-size-sm\" name=\"form_fields[message]\" id=\"form-field-message\" rows=\"4\" placeholder=\"W czym moge Ci pom\u00f3c?\" required=\"required\"><\/textarea>\t\t\t\t<\/div>\n\t\t\t\t\t\t\t\t<div class=\"elementor-field-type-acceptance elementor-field-group elementor-column elementor-field-group-field_888fc34 elementor-col-100 elementor-field-required\">\n\t\t\t\t\t\t\t<div class=\"elementor-field-subgroup\">\n\t\t\t<span class=\"elementor-field-option\">\n\t\t\t\t<input type=\"checkbox\" name=\"form_fields[field_888fc34]\" id=\"form-field-field_888fc34\" class=\"elementor-field elementor-size-sm  elementor-acceptance-field\" required=\"required\">\n\t\t\t\t<label for=\"form-field-field_888fc34\">Wyra\u017cam zgod\u0119 na przetwarzanie moich danych osobowych w celu obs\u0142ugi mojego zapytania, zgodnie z Polityk\u0105 prywatno\u015bci.<\/label>\t\t\t<\/span>\n\t\t<\/div>\n\t\t\t\t\t\t<\/div>\n\t\t\t\t\t\t\t\t<div class=\"elementor-field-group elementor-column elementor-field-type-submit elementor-col-100 e-form__buttons\">\n\t\t\t\t\t<button class=\"elementor-button elementor-size-sm\" type=\"submit\">\n\t\t\t\t\t\t<span class=\"elementor-button-content-wrapper\">\n\t\t\t\t\t\t\t\t\t\t\t\t\t\t\t\t\t\t\t\t\t\t<span class=\"elementor-button-text\">Wy\u015blij wiadomo\u015b\u0107<\/span>\n\t\t\t\t\t\t\t\t\t\t\t\t\t<\/span>\n\t\t\t\t\t<\/button>\n\t\t\t\t<\/div>\n\t\t\t<\/div>\n\t\t<\/form>\n\t\t\t\t\t\t<\/div>\n\t\t\t\t<\/div>\n\t\t\t\t<\/div>\n\t\t\t\t<\/div>\n\t\t\t\t\t<\/div>\n\t\t\t\t<\/div>\n\t\t<div class=\"elementor-element elementor-element-49bbacb elementor-hidden-desktop elementor-hidden-tablet e-flex e-con-boxed e-con e-parent\" data-id=\"49bbacb\" data-element_type=\"container\" data-e-type=\"container\" data-settings=\"{&quot;background_background&quot;:&quot;gradient&quot;}\">\n\t\t\t\t\t<div class=\"e-con-inner\">\n\t\t\t\t\t<\/div>\n\t\t\t\t<\/div>\n\t\t\t\t<\/div>\n\t\t","protected":false},"excerpt":{"rendered":"<p>Zacznijmy dzia\u0142a\u0107 razem! Masz pytania lub chcesz porozmawia\u0107 o wsp\u00f3\u0142pracy?Napisz do mnie \u2013 ch\u0119tnie opowiem wi\u0119cej o swoim podej\u015bciu do projekt\u00f3w i sprawdzimy, czy mo\u017cemy razem co\u015b stworzy\u0107. +48 720 777 345 filip@rozalskidesign.pl Wype\u0142nij formularz kontaktowy<\/p>\n","protected":false},"author":1,"featured_media":0,"parent":0,"menu_order":0,"comment_status":"closed","ping_status":"closed","template":"","meta":{"_acf_changed":false,"footnotes":""},"class_list":["post-1097","page","type-page","status-publish","hentry"],"acf":[],"yoast_head":"<!-- This site is optimized with the Yoast SEO plugin v27.4 - https:\/\/yoast.com\/product\/yoast-seo-wordpress\/ -->\n<title>Kontakt - Filip R&oacute;\u017calski<\/title>\n<meta name=\"description\" content=\"Napisz do mnie \u2013 ch\u0119tnie opowiem wi\u0119cej o swoim podej\u015bciu do projekt\u00f3w i sprawdzimy, czy mo\u017cemy razem co\u015b stworzy\u0107.\" \/>\n<meta name=\"robots\" content=\"index, follow, max-snippet:-1, max-image-preview:large, max-video-preview:-1\" \/>\n<link rel=\"canonical\" href=\"https:\/\/www.rozalskidesign.pl\/index.php\/kontakt\/\" \/>\n<meta property=\"og:locale\" content=\"pl_PL\" \/>\n<meta property=\"og:type\" content=\"article\" \/>\n<meta property=\"og:title\" content=\"Kontakt - Filip R&oacute;\u017calski\" \/>\n<meta property=\"og:description\" content=\"Napisz do mnie \u2013 ch\u0119tnie opowiem wi\u0119cej o swoim podej\u015bciu do projekt\u00f3w i sprawdzimy, czy mo\u017cemy razem co\u015b stworzy\u0107.\" \/>\n<meta property=\"og:url\" content=\"https:\/\/www.rozalskidesign.pl\/index.php\/kontakt\/\" \/>\n<meta property=\"og:site_name\" content=\"Filip R&oacute;\u017calski\" \/>\n<meta property=\"article:modified_time\" content=\"2025-07-25T17:17:35+00:00\" \/>\n<meta name=\"twitter:card\" content=\"summary_large_image\" \/>\n<meta name=\"twitter:label1\" content=\"Szacowany czas czytania\" \/>\n\t<meta name=\"twitter:data1\" content=\"1 minuta\" \/>\n<script type=\"application\/ld+json\" class=\"yoast-schema-graph\">{\"@context\":\"https:\\\/\\\/schema.org\",\"@graph\":[{\"@type\":\"WebPage\",\"@id\":\"https:\\\/\\\/www.rozalskidesign.pl\\\/index.php\\\/kontakt\\\/\",\"url\":\"https:\\\/\\\/www.rozalskidesign.pl\\\/index.php\\\/kontakt\\\/\",\"name\":\"Kontakt - Filip R&oacute;\u017calski\",\"isPartOf\":{\"@id\":\"https:\\\/\\\/www.rozalskidesign.pl\\\/#website\"},\"datePublished\":\"2025-05-31T15:24:51+00:00\",\"dateModified\":\"2025-07-25T17:17:35+00:00\",\"description\":\"Napisz do mnie \u2013 ch\u0119tnie opowiem wi\u0119cej o swoim podej\u015bciu do projekt\u00f3w i sprawdzimy, czy mo\u017cemy razem co\u015b stworzy\u0107.\",\"breadcrumb\":{\"@id\":\"https:\\\/\\\/www.rozalskidesign.pl\\\/index.php\\\/kontakt\\\/#breadcrumb\"},\"inLanguage\":\"pl-PL\",\"potentialAction\":[{\"@type\":\"ReadAction\",\"target\":[\"https:\\\/\\\/www.rozalskidesign.pl\\\/index.php\\\/kontakt\\\/\"]}]},{\"@type\":\"BreadcrumbList\",\"@id\":\"https:\\\/\\\/www.rozalskidesign.pl\\\/index.php\\\/kontakt\\\/#breadcrumb\",\"itemListElement\":[{\"@type\":\"ListItem\",\"position\":1,\"name\":\"Strona g\u0142\u00f3wna\",\"item\":\"https:\\\/\\\/www.rozalskidesign.pl\\\/\"},{\"@type\":\"ListItem\",\"position\":2,\"name\":\"Kontakt\"}]},{\"@type\":\"WebSite\",\"@id\":\"https:\\\/\\\/www.rozalskidesign.pl\\\/#website\",\"url\":\"https:\\\/\\\/www.rozalskidesign.pl\\\/\",\"name\":\"Filip R\u00f3\u017calski\",\"description\":\"Portfolio\",\"publisher\":{\"@id\":\"https:\\\/\\\/www.rozalskidesign.pl\\\/#\\\/schema\\\/person\\\/f72f72ef5ca776884a3bb7272e6c05c1\"},\"potentialAction\":[{\"@type\":\"SearchAction\",\"target\":{\"@type\":\"EntryPoint\",\"urlTemplate\":\"https:\\\/\\\/www.rozalskidesign.pl\\\/?s={search_term_string}\"},\"query-input\":{\"@type\":\"PropertyValueSpecification\",\"valueRequired\":true,\"valueName\":\"search_term_string\"}}],\"inLanguage\":\"pl-PL\"},{\"@type\":[\"Person\",\"Organization\"],\"@id\":\"https:\\\/\\\/www.rozalskidesign.pl\\\/#\\\/schema\\\/person\\\/f72f72ef5ca776884a3bb7272e6c05c1\",\"name\":\"admin\",\"image\":{\"@type\":\"ImageObject\",\"inLanguage\":\"pl-PL\",\"@id\":\"https:\\\/\\\/www.rozalskidesign.pl\\\/wp-content\\\/uploads\\\/2025\\\/05\\\/IMG_0182-e1748709130999.webp\",\"url\":\"https:\\\/\\\/www.rozalskidesign.pl\\\/wp-content\\\/uploads\\\/2025\\\/05\\\/IMG_0182-e1748709130999.webp\",\"contentUrl\":\"https:\\\/\\\/www.rozalskidesign.pl\\\/wp-content\\\/uploads\\\/2025\\\/05\\\/IMG_0182-e1748709130999.webp\",\"width\":1080,\"height\":610,\"caption\":\"admin\"},\"logo\":{\"@id\":\"https:\\\/\\\/www.rozalskidesign.pl\\\/wp-content\\\/uploads\\\/2025\\\/05\\\/IMG_0182-e1748709130999.webp\"},\"sameAs\":[\"https:\\\/\\\/www.rozalskidesign.pl\"]}]}<\/script>\n<!-- \/ Yoast SEO plugin. -->","yoast_head_json":{"title":"Kontakt - Filip R&oacute;\u017calski","description":"Napisz do mnie \u2013 ch\u0119tnie opowiem wi\u0119cej o swoim podej\u015bciu do projekt\u00f3w i sprawdzimy, czy mo\u017cemy razem co\u015b stworzy\u0107.","robots":{"index":"index","follow":"follow","max-snippet":"max-snippet:-1","max-image-preview":"max-image-preview:large","max-video-preview":"max-video-preview:-1"},"canonical":"https:\/\/www.rozalskidesign.pl\/index.php\/kontakt\/","og_locale":"pl_PL","og_type":"article","og_title":"Kontakt - Filip R&oacute;\u017calski","og_description":"Napisz do mnie \u2013 ch\u0119tnie opowiem wi\u0119cej o swoim podej\u015bciu do projekt\u00f3w i sprawdzimy, czy mo\u017cemy razem co\u015b stworzy\u0107.","og_url":"https:\/\/www.rozalskidesign.pl\/index.php\/kontakt\/","og_site_name":"Filip R&oacute;\u017calski","article_modified_time":"2025-07-25T17:17:35+00:00","twitter_card":"summary_large_image","twitter_misc":{"Szacowany czas czytania":"1 minuta"},"schema":{"@context":"https:\/\/schema.org","@graph":[{"@type":"WebPage","@id":"https:\/\/www.rozalskidesign.pl\/index.php\/kontakt\/","url":"https:\/\/www.rozalskidesign.pl\/index.php\/kontakt\/","name":"Kontakt - Filip R&oacute;\u017calski","isPartOf":{"@id":"https:\/\/www.rozalskidesign.pl\/#website"},"datePublished":"2025-05-31T15:24:51+00:00","dateModified":"2025-07-25T17:17:35+00:00","description":"Napisz do mnie \u2013 ch\u0119tnie opowiem wi\u0119cej o swoim podej\u015bciu do projekt\u00f3w i sprawdzimy, czy mo\u017cemy razem co\u015b stworzy\u0107.","breadcrumb":{"@id":"https:\/\/www.rozalskidesign.pl\/index.php\/kontakt\/#breadcrumb"},"inLanguage":"pl-PL","potentialAction":[{"@type":"ReadAction","target":["https:\/\/www.rozalskidesign.pl\/index.php\/kontakt\/"]}]},{"@type":"BreadcrumbList","@id":"https:\/\/www.rozalskidesign.pl\/index.php\/kontakt\/#breadcrumb","itemListElement":[{"@type":"ListItem","position":1,"name":"Strona g\u0142\u00f3wna","item":"https:\/\/www.rozalskidesign.pl\/"},{"@type":"ListItem","position":2,"name":"Kontakt"}]},{"@type":"WebSite","@id":"https:\/\/www.rozalskidesign.pl\/#website","url":"https:\/\/www.rozalskidesign.pl\/","name":"Filip R\u00f3\u017calski","description":"Portfolio","publisher":{"@id":"https:\/\/www.rozalskidesign.pl\/#\/schema\/person\/f72f72ef5ca776884a3bb7272e6c05c1"},"potentialAction":[{"@type":"SearchAction","target":{"@type":"EntryPoint","urlTemplate":"https:\/\/www.rozalskidesign.pl\/?s={search_term_string}"},"query-input":{"@type":"PropertyValueSpecification","valueRequired":true,"valueName":"search_term_string"}}],"inLanguage":"pl-PL"},{"@type":["Person","Organization"],"@id":"https:\/\/www.rozalskidesign.pl\/#\/schema\/person\/f72f72ef5ca776884a3bb7272e6c05c1","name":"admin","image":{"@type":"ImageObject","inLanguage":"pl-PL","@id":"https:\/\/www.rozalskidesign.pl\/wp-content\/uploads\/2025\/05\/IMG_0182-e1748709130999.webp","url":"https:\/\/www.rozalskidesign.pl\/wp-content\/uploads\/2025\/05\/IMG_0182-e1748709130999.webp","contentUrl":"https:\/\/www.rozalskidesign.pl\/wp-content\/uploads\/2025\/05\/IMG_0182-e1748709130999.webp","width":1080,"height":610,"caption":"admin"},"logo":{"@id":"https:\/\/www.rozalskidesign.pl\/wp-content\/uploads\/2025\/05\/IMG_0182-e1748709130999.webp"},"sameAs":["https:\/\/www.rozalskidesign.pl"]}]}},"_links":{"self":[{"href":"https:\/\/www.rozalskidesign.pl\/index.php\/wp-json\/wp\/v2\/pages\/1097","targetHints":{"allow":["GET"]}}],"collection":[{"href":"https:\/\/www.rozalskidesign.pl\/index.php\/wp-json\/wp\/v2\/pages"}],"about":[{"href":"https:\/\/www.rozalskidesign.pl\/index.php\/wp-json\/wp\/v2\/types\/page"}],"author":[{"embeddable":true,"href":"https:\/\/www.rozalskidesign.pl\/index.php\/wp-json\/wp\/v2\/users\/1"}],"replies":[{"embeddable":true,"href":"https:\/\/www.rozalskidesign.pl\/index.php\/wp-json\/wp\/v2\/comments?post=1097"}],"version-history":[{"count":127,"href":"https:\/\/www.rozalskidesign.pl\/index.php\/wp-json\/wp\/v2\/pages\/1097\/revisions"}],"predecessor-version":[{"id":2091,"href":"https:\/\/www.rozalskidesign.pl\/index.php\/wp-json\/wp\/v2\/pages\/1097\/revisions\/2091"}],"wp:attachment":[{"href":"https:\/\/www.rozalskidesign.pl\/index.php\/wp-json\/wp\/v2\/media?parent=1097"}],"curies":[{"name":"wp","href":"https:\/\/api.w.org\/{rel}","templated":true}]}}